the tens digit of 3701?
0
What is the units digit of 3455?
5
What is the thousands digit of 1947?
1
What is the tens digit of 1630?
3
What is the hundreds digit of 2124?
1
What is the thousands digit of 56852?
6
What is the thousands digit of 12626?
2
What is the hundreds digit of 146807?
8
What is the tens digit of 1450?
5
What is the ten thousands digit of 14980?
1
What is the hundreds digit of 4433?
4
What is the tens digit of 5415?
1
What is the tens digit of 3712?
1
What is the tens digit of 101851?
5
What is the tens digit of 670?
7
What is the hundreds digit of 39814?
8
What is the tens digit of 7292?
9
What is the hundred thousands digit of 204258?
2
What is the tens digit of 1962?
6
What is the tens digit of 1986?
8
What is the thousands digit of 1227?
1
What is the tens digit of 2222?
2
What is the thousands digit of 4448?
4
What is the hundreds digit of 2471?
4
What is the hundreds digit of 2432?
4
What is the units digit of 714?
4
What is the tens digit of 2837?
3
What is the tens digit of 22933?
3
What is the tens digit of 630?
3
What is the hundreds digit of 41749?
7
What is the hundreds digit of 755?
7
What is the tens digit of 10580?
8
What is the units digit of 6783?
3
What is the ten thousands digit of 15035?
1
What is the units digit of 42396?
6
What is the tens digit of 416?
1
What is the hundreds digit of 7115?
1
What is the tens digit of 110391?
9
What is the units digit of 8884?
4
What is the tens digit of 2680?
8
What is the tens digit of 1338?
3
What is the thousands digit of 32522?
2
What is the tens digit of 19623?
2
What is the hundreds digit of 229?
2
What is the hundreds digit of 831?
8
What is the units digit of 34515?
5
What is the thousands digit of 77538?
7
What is the hundreds digit of 796?
7
What is the hundreds digit of 7030?
0
What is the hundreds digit of 1544?
5
What is the units digit of 79398?
8
What is the tens digit of 103817?
1
What is the hundreds digit of 52548?
5
What is the thousands digit of 39273?
9
What is the tens digit of 46365?
6
What is the hundreds digit of 1753?
7
What is the ten thousands digit of 16674?
1
What is the units digit of 73493?
3
What is the hundreds digit of 686?
6
What is the tens digit of 1741?
4
What is the thousands digit of 6525?
6
What is the hundreds digit of 544?
5
What is the units digit of 249?
9
What is the hundreds digit of 154464?
4
What is the tens digit of 162210?
1
What is the thousands digit of 28756?
8
What is the tens digit of 2539?
3
What is the tens digit of 182?
8
What is the ten thousands digit of 159177?
5
What is the units digit of 65198?
8
What is the hundreds digit of 2944?
9
What is the units digit of 619?
9
What is the units digit of 5476?
6
What is the tens digit of 6600?
0
What is the hundreds digit of 71819?
8
What is the tens digit of 30004?
0
What is the tens digit of 750?
5
What is the ten thousands digit of 126676?
2
What is the thousands digit of 1100?
1
What is the thousands digit of 24625?
4
What is the tens digit of 910?
1
What is the units digit of 618?
8
What is the units digit of 1657?
7
What is the tens digit of 341?
4
What is the hundreds digit of 12639?
6
What is the tens digit of 18?
1
What is the thousands digit of 7013?
7
What is the units digit of 56886?
6
What is the hundreds digit of 73562?
5
What is the tens digit of 68687?
8
What is the tens digit of 15097?
9
What is the thousands digit of 4776?
4
What is the hundreds digit of 3173?
1
What is the tens digit of 5569?
6
What is the hundreds digit of 2588?
5
What is the thousands digit of 3482?
3
What is the tens digit of 1997?
9
What is the units digit of 2108?
8
What is the tens digit of 29273?
7
What is the hundreds digit of 36575?
5
What is the hundreds digit of 7335?
3
What is the tens digit of 293?
9
What is the thousands digit of 23543?
3
What is the units digit of 816?
6
What is the ten thousands digit of 23417?
2
What is the units digit of 97190?
0
What is the tens digit of 1145?
4
What is the tens digit of 188?
8
What is the thousands digit of 29286?
9
What is the thousands digit of 5859?
5
What is the hundred thousands digit of 111613?
1
What is the hundreds digit of 42007?
0
What is the units digit of 2789?
9
What is the thousands digit of 3316?
3
What is the thousands digit of 2662?
2
What is the units digit of 81397?
7
What is the thousands digit of 2132?
2
What is the units digit of 10230?
0
What is the units digit of 1834?
4
What is the hundreds digit of 11101?
1
What is the thousands digit of 3126?
3
What is the thousands digit of 3882?
3
What is the tens digit of 3340?
4
What is the tens digit of 16515?
1
What is the hundreds digit of 812?
8
What is the thousands digit of 2416?
2
What is the units digit of 17954?
4
What is the tens digit of 267?
6
What is the tens digit of 44578?
7
What is the units digit of 49264?
4
What is the tens digit of 70555?
5
What is the hundreds digit of 15528?
5
What is the tens digit of 1464?
6
What is the units digit of 416?
6
What is the units digit of 12276?
6
What is the units digit of 2997?
7
What is the units digit of 78848?
8
What is the hundreds digit of 3887?
8
What is the hundreds digit of 371?
3
What is the hundreds digit of 70340?
3
What is the units digit of 729?
9
What is the hundreds digit of 12385?
3
What is the thousands digit of 4139?
4
What is the tens digit of 372?
7
What is the hundreds digit of 524?
5
What is the units digit of 29364?
4
What is the hundred thousands digit of 111754?
1
What is the thousands digit of 1579?
1
What is the tens digit of 73797?
9
What is the hundreds digit of 45852?
8
What is the hundreds digit of 2158?
1
What is the hundreds digit of 1158?
1
What is the thousands digit of 3889?
3
What is the units digit of 5904?
4
What is the tens digit of 3754?
5
What is the thousands digit of 28446?
8
What is the ten thousands digit of 31901?
3
What is the units digit of 20750?
0
What is the ten thousands digit of 60794?
6
What is the tens digit of 1938?
3
What is the units digit of 6061?
1
What is the tens digit of 1096?
9
What is the tens digit of 643?
4
What is the units digit of 22896?
6
What is the units digit of 8238?
8
What is the hundreds digit of 556?
5
What is the hundreds digit of 964?
9
What is the thousands digit of 3666?
3
What is the units digit of 2164?
4
What is the hundreds digit of 5136?
1
What is the units digit of 35541?
1
What is the thousands digit of 201361?
1
What is the units digit of 30535?
5
What is the units digit of 5870?
0
What is the tens digit of 19186?
8
What is the units digit of 3256?
6
What is the tens digit of 36036?
3
What is the tens digit of 8934?
3
What is the hundreds digit of 6854?
8
What is the units digit of 3423?
3
What is the units digit of 31306?
6
What is the tens digit of 199?
9
What is the tens digit of 1520?
2
What is the units digit of 1071?
1
What is the units digit of 84502?
2
What is the hundreds digit of 595?
5
What is the ten thousands digit of 79672?
7
What is the units digit of 53?
3
What is the units digit of 1781?
1
What is the tens digit of 47544?
4
What is the ten thousands digit of 33097?
3
What is the units digit of 166?
6
What is the units digit of 135925?
5
What is the units digit of 3310?
0
What is the tens digit of 67?
6
What is the tens digit of 3920?
2
What is the thousands digit of 3741?
3
What is the tens digit of 62484?
8
What is the ten thousands digit of 27349?
2
What is the thousands digit of 7487?
7
What is the tens digit of 1795?
9
What is the units digit of 763?
3
What is the units digit of 2264?
4
What is the ten thousands digit of 58737?
5
What is the units digit of 7699?
9
What is the hundreds digit of 1226?
2
What is the tens digit of 278?
7
What is the hundreds digit of 497?
4
What is the units digit of 108827?
7
What is the thousands digit of 17247?
7
What is the hundreds digit of 993?
9
What is the tens digit of 73020?
2
What is the ten thousands digit of 121814?
2
What is the hundreds digit of 2804?
8
What is the tens digit of 23721?
2
What is the units digit of 17395?
5
What is the hundreds digit of 3321?
3
What is the hundreds digit of 54773?
7
What is the tens digit of 15761?
6
What is the tens digit of 4267?
6
What is the tens digit of 35?
3
What is the hundreds digit of 903?
9
What is the thou